s the highest common factor of 207 and q?
23
Let b = 1500 + -1451. What is the greatest common divisor of b and 2891?
49
Suppose -30*w + 35*w + 15 = 0. Let q be (-1 - 2) + w - -393. Calculate the highest common divisor of q and 9.
9
Let a(i) = i**2 + 28. Let o be a(0). Let d be (0 + 2)*(-36533)/(-476) - 2/(-4). Calculate the greatest common factor of o and d.
14
Suppose 18*l + 130 - 508 = 0. Suppose 5*k - 6*k + l = 0. Calculate the greatest common divisor of k and 18.
3
Let g be (-2)/7 - ((-608)/266 - 38). Let c = -45 + 165. Calculate the highest common divisor of c and g.
40
Suppose 92*f - 7812 = -f. Calculate the highest common divisor of f and 264.
12
Suppose 6*z = 59 + 91. Let t(k) = 2*k - 5. Let d be t(z). Let j(v) = 4*v**2 + 1. Let o be j(1). What is the greatest common factor of d and o?
5
Let w(q) = 2*q**2 - 5*q - 29. Let d(c) = c**2 + 3*c - 8. Let y be d(-4). Let o be w(y). Calculate the greatest common factor of 391 and o.
23
Suppose -q - 3*q = -24, 2*r + 2*q = 11676. What is the highest common divisor of 9 and r?
9
Suppose 6*w - 36 = 18. Let k be (-152 - 2)*33/(-77). What is the greatest common divisor of k and w?
3
Let g = -51 - -57. Suppose -g*x - 174 + 24 = 0. Let c = x + 36. Calculate the greatest common factor of c and 99.
11
Suppose 3*b + 4*k = 373, 0 = -138*b + 133*b + 2*k + 691. Calculate the highest common divisor of 1134 and b.
27
Let i(q) = 0*q**3 - 2*q**3 - 3*q**2 - 153*q + 145*q + 2. Let c be i(-4). Let s = c + -107. Calculate the highest common factor of s and 7.
7
Let g = 243 - 208. Let f be 63 + ((-10)/g - (-52)/(-14)). Calculate the highest common divisor of f and 295.
59
Suppose -s - 2*c + 7 = 0, 7*c = 3*s + 2*c - 21. Suppose -42 - s = -m. Let a = -47 + m. What is the highest common factor of 14 and a?
2
Let d = -3 + 11. Suppose -9*c + 100 = -d*c. Let f be 17 - (4 + -5 - 2). Calculate the greatest common factor of c and f.
20
Suppose -56*n + 147505 = 14953. What is the highest common divisor of n and 54?
9
Let c(o) be the second derivative of 21*o**5/20 + o**2/2 - 10*o. Let j = -24 + 25. Let b be c(j). What is the highest common divisor of 2 and b?
2
Let y = 39 + -46. Let d = -11 + y. Let u = d - -58. What is the greatest common factor of u and 20?
20
Suppose -5*m + 3*m + 8 = 0. Suppose m*t = 4*x - 32, -1 = x - 2*t - 13. Calculate the highest common divisor of 22 and x.
2
Let b be 2/((16/10)/4)*1. Suppose 20 = -b*m - 5, 3*m = 4*z - 39. Let d = 183 - 153. Calculate the highest common divisor of z and d.
6
Suppose 5*c - 84 = 291. Let y(s) = -s**3 + 8*s**2 - 11*s + 5. Let l be y(8). Let m = -68 - l. Calculate the highest common divisor of m and c.
15
Let v be (-2924136)/(-1530) + (-18)/15. What is the greatest common divisor of 30 and v?
10
Suppose -22 = 5*s - 2*j - 201, -2*s - j = -77. Let d(p) = 353*p - 3. Let b be d(2). Calculate the greatest common factor of b and s.
37
Suppose 92*h - 91*h - 23 = -5*g, -g + h = -7. What is the greatest common factor of g and 6300?
5
Let p(l) = 10*l**2 - 78*l + 11. Let s be p(8). What is the greatest common factor of 864 and s?
27
Suppose -o + 24 = 4. Suppose -2*w = 2*w + 3*q - 28, -o = -5*q. Suppose -4*g + 4*l + 50 = g, -w*g + l = -29. What is the highest common factor of g and 48?
6
Let q be 9/3*53570/33. Suppose 2*s = 10, -v - 4*v + q = s. Calculate the greatest common factor of v and 7.
7
Let v be (6/(-18))/(-1*(-13)/(-117)). Suppose -3*r = 5*i - 0*i - 245, 55 = r - 5*i. What is the highest common factor of v and r?
3
Let l be ((-324)/189)/((-12)/112). Suppose 1772 = 5*k - 228. What is the highest common divisor of l and k?
16
Let g(o) = 5*o**3 - 33*o**2 - 5*o + 32. Let f be g(12). Calculate the highest common divisor of 20 and f.
20
Suppose -80*v - 114691 = -493251. Calculate the highest common factor of 28 and v.
28
Suppose 0 = -4*j - 9*c + 8*c + 119, 4*j = 3*c + 139. Let y = j + -11. Suppose 0 = -4*l + 3*l + 40. Calculate the greatest common divisor of y and l.
20
Let b(u) = u**3 + 15*u**2 + 13*u + 7. Let t = 728 + -742. Let v be b(t). Suppose s = -s + 84. What is the greatest common divisor of s and v?
21
Let d(x) = 39 + 1294*x + x**2 - 1278*x + 58. Let l be d(-12). Let v be (-3)/6 - (-30)/4. What is the greatest common divisor of v and l?
7
Suppose -67 = -2*s + 5. Suppose 8*n = 4*n + s. Let z(k) = k**3 - 6*k**2 + 14*k - 18. Let b be z(n). What is the highest common divisor of b and 39?
39
Suppose 3*i + 22 - 1 = 0, z - 4618 = -i. What is the highest common divisor of z and 250?
125
Let v(u) be the second derivative of u**4/6 + u**3/6 - 8*u**2 - 2*u - 45. Let w be v(-4). Calculate the greatest common divisor of 12 and w.
12
Suppose -2*o - 565 = -7*o. Suppose -3*y + 5*u = -166, -o = -y - y + u. Let d = -54 + y. What is the greatest common divisor of 21 and d?
3
Let o(m) = 62*m + 2. Let z be o(2). Suppose 0 = 8*r - r + z. Let l be 83/2 + (-9)/r. What is the greatest common divisor of 42 and l?
42
Let s = 18076 - 3143. Calculate the highest common divisor of s and 109.
109
Suppose 18*t - 141 + 51 = 0. Suppose t*j - 4158 = -6*j. What is the greatest common divisor of 36 and j?
18
Let p(x) = -6*x - 162. Let v be p(-27). Suppose v = 23*w - 11*w - 1416. What is the greatest common factor of 413 and w?
59
Let o = -9351 - -9603. What is the highest common factor of o and 112?
28
Suppose 0 = -2*a + 4*a - 560. Suppose 17*g - a = -3*g. Suppose 984 - 208 = 5*h + 3*m, -5*m = h - 164. Calculate the greatest common divisor of h and g.
14
Let p = -2158 + 3103. Suppose -57*t + p = -48*t. Calculate the greatest common divisor of 70 and t.
35
Suppose -z - 10 = -10. Let h be (5 + (-42)/9)*z. Suppose 3*k - 42 = 4*r, -4*r = k - h + 2. Calculate the greatest common divisor of k and 20.
10
Let j(c) = 4*c + 159. Suppose -2*b - 74 = 5*x, -b = 5*x + 29 + 8. Let p be j(b). What is the highest common factor of 3 and p?
1
Let a be ((-2)/(-6))/(2 - (-329)/(-165)). Let h = -57 + a. Let g be ((-4)/(-3))/(4*h/(-720)). Calculate the highest common divisor of g and 24.
24
Suppose 35*s - 3778 = 107. Let b = 153 + s. Calculate the highest common factor of 24 and b.
24
Let k be (-8)/32 - 482/(-8). Let n(u) = -2*u**2 + 43*u + 109. Let x be n(23). Calculate the highest common factor of k and x.
20
Suppose -z + 6*z = -5*c + 235, 52 = c + 2*z. Let r = -89 + 152. Calculate the greatest common divisor of c and r.
21
Let n(m) = m**3 - 3*m**2 + 16*m + 20. Let t be n(-5). Let i = 1142 + t. Calculate the greatest common factor of i and 36.
18
Let s(o) = 133*o - 5. Let u(j) = j**3 + 6*j**2 + 4*j - 4. Let h = -2 - 3. Let i be u(h). Let d be s(i). Calculate the highest common factor of d and 16.
16
Let i(p) be the third derivative of -127*p**4/12 - 145*p**3/3 - p**2 + 35. Let v be i(-8). Calculate the greatest common divisor of 26 and v.
26
Let d = -25 - -25. Suppose 2*x = -8, d = -3*b + x + 2*x. Let g be (-96)/((-10)/(-8) + (b - -2)). What is the greatest common divisor of g and 32?
32
Let r be (-9)/(-21) - (-296)/(-168)*-6. Calculate the highest common divisor of 1375 and r.
11
Let m(b) = -b**2 + 5*b + 21. Let h be m(11). Let w be 2/(-6*5/h). Suppose 76 = -w*l + 5*l. What is the highest common divisor of l and 114?
38
Suppose -46*w + 27*w + 1847 = -1744. Let v(g) = 21*g**2 - 5*g - 1. Let b be v(4). Calculate the greatest common divisor of w and b.
63
Let b = -88 - -100. Let q(c) = 5*c + 5. Let a be q(3). Suppose a = 5*m - 10. Calculate the highest common divisor of m and b.
6
Let w be (-93)/1*(-11 - 0/((-40)/8)). What is the greatest common factor of w and 143?
11
Let r(y) = -6*y**3 + 62*y**2 + 11*y. Let i be r(8). Calculate the highest common factor of 2214 and i.
246
Suppose 0 = j - 2*j + 42. Let z be 91/j - (-2)/(-12). Let y be -11 + 14 - (-126)/z. Calculate the highest common factor of 6 and y.
6
Suppose 0 = 3*c - 5*s - 40, -2*c - 4*s + 327 - 271 = 0. Suppose 54 = 4*a - p - 183, 3*a + 3*p - 189 = 0. Calculate the greatest common factor of a and c.
20
Let b = 54 + -55. Let v be ((-52)/65)/(b/5). Suppose -5*y = -5*d - 130, -5*d - 64 = 2*y - v*y. What is the highest common factor of 33 and y?
11
Suppose 0 = 2*z - 4*z - 34. Let x = 5 - z. Suppose 3*a + 3*j - 48 = 0, j - 62 = -2*a - 24. What is the greatest common factor of x and a?
22
Let x be (1/2)/(1/82). Suppose 14*j = 11*j - 2*g - 40, 44 = -2*j + 3*g. Let f(n) = n**